{"id":30,"date":"2016-12-21T20:31:46","date_gmt":"2016-12-21T19:31:46","guid":{"rendered":"http:\/\/wdikjue.cluster030.hosting.ovh.net\/?page_id=30"},"modified":"2019-03-06T11:22:27","modified_gmt":"2019-03-06T10:22:27","slug":"test-1","status":"publish","type":"page","link":"https:\/\/www.filles-de-la-croix-de-liege.be\/index.php\/test-1\/","title":{"rendered":"Spiritualit\u00e9"},"content":{"rendered":"<p style=\"text-align: center;\"><strong><img decoding=\"async\" class=\"aligncenter\" src=\"https:\/\/www.filles-de-la-croix-de-liege.be\/wp-content\/uploads\/2016\/12\/Croix-FC_Fond-beige-257x300.png\" \/>Notre Croix<\/strong><\/p>\n<p><strong>La Croix \u2013 Notre inspiration<\/strong><\/p>\n<blockquote>\n<p style=\"text-align: justify;\"><em>\u00ab\u00a0Pour d\u00e9couvrir et r\u00e9v\u00e9ler le visage de tendresse de Dieu, les Filles de la Croix contempleront J\u00e9sus, humble serviteur de l\u2019amour r\u00e9dempteur, trahi par un de ses disciples, reni\u00e9 par un autre, abandonn\u00e9 de tous, livr\u00e9 \u00e0 ses ennemis, couronn\u00e9 d\u2019\u00e9pines, traversant les rues de J\u00e9rusalem, charg\u00e9 de sa croix.<\/em><\/p>\n<p style=\"text-align: justify;\"><em>Elles le contempleront au Calvaire, en compagnie de Marie, sa M\u00e8re, de Saint Jean et de Sainte Madeleine, pour comprendre le langage de la Croix, folie pour ceux qui se perdent et, pour ceux qui se sauvent, puissance de Dieu.\u00a0\u00bb<\/em><\/p>\n<p style=\"text-align: right;\"><em><br \/>\n<\/em><br \/>\n<em>Constitutions, 2<\/em><\/p>\n<\/blockquote>\n<p style=\"text-align: justify;\"><img loading=\"lazy\" decoding=\"async\" class=\"alignleft wp-image-334\" src=\"https:\/\/www.filles-de-la-croix-de-liege.be\/wp-content\/uploads\/2016\/12\/Croix-Les-Filles-de-la-Croix_Page-13-WEB.jpg\" alt=\"\" width=\"266\" height=\"378\" \/><\/p>\n<p style=\"text-align: justify;\"><strong>La vision de la Croix<\/strong><\/p>\n<p style=\"text-align: justify;\">M\u00e8re Marie Th\u00e9r\u00e8se a m\u00fbri longtemps l&rsquo;inspiration d&rsquo;un institut \u00a0se rattachant \u00e0 la Ste Croix. Elle \u00e9tait souvent habit\u00e9e par le myst\u00e8re de la Croix et r\u00e9p\u00e9tait volontiers l&rsquo;invocation : \u00ab\u00a0<em>Nous vous adorons,\u00a0Seigneur\u00a0J\u00e9sus, et nous vous b\u00e9nissons parce que vous avez rachet\u00e9 le monde par votre Sainte Croix<\/em>. \u00bb<\/p>\n<p style=\"text-align: justify;\">Mais une vision particuli\u00e8re la confirma dans son appel :<\/p>\n<p style=\"text-align: justify;\">\u00ab\u00a0<em>Dans le courant de l\u2019ann\u00e9e\u00a01833, quelques mois avant la prise d\u2019habit, vers la fin du jour, la\u00a0Rde\u00a0M\u00e8re se trouvant dans la\u00a0Cour des\u00a0Carm\u00e9lites, vit tout \u00e0 coup au-dessus du jardin\u00a0Wauters, une Croix form\u00e9e dans le Ciel et semblant plut\u00f4t en \u00eatre d\u00e9tach\u00e9e. Cette\u00a0Croix \u00e9tait noire, avec une couronne blanche, et paraissait \u00e0 l\u2019\u0153il d\u2019une longueur d\u2019environ deux m\u00e8tres. Elle servit exactement de mod\u00e8le \u00e0 celle que nous portons. Une seule personne, avec la\u00a0Rde\u00a0M\u00e8re,\u00a0Mlle\u00a0Virginie\u00a0Soroge, (Sr Constance) fut t\u00e9moin de cette apparition, le temps \u00e9tait calme et fort beau, le ciel serein et enti\u00e8rement bleu. Dans les quatre petits angles form\u00e9s par la couronne blanche sur la Croix noire, l\u2019azur du firmament se voyait tr\u00e8s bien. On distinguait \u00e9galement les ondulations ou cr\u00e9nelures que l\u2019on remarque sur le cercle de la couronne. Cette Croix avait apparu soudainement ; elle resta visible dans le ciel jusqu\u2019\u00e0 ce que\u00a0Rde\u00a0M\u00e8re et\u00a0Sr\u00a0Constance, l\u2019eussent suffisamment contempl\u00e9e, puis elle s\u2019effa\u00e7a lentement \u00e0 leurs yeux, comme si elle se f\u00fbt fondue peu \u00e0 peu<\/em>.\u00a0\u00bb<\/p>\n<p style=\"text-align: right;\"><em>(Archives de la Congr\u00e9gation)<\/em><\/p>\n<p style=\"text-align: justify;\">Depuis, les Filles de la Croix ont port\u00e9 cette croix simple surmont\u00e9e d&rsquo;une couronne. Pendant de nombreuses ann\u00e9es elle \u00a0a \u00e9t\u00e9 fa\u00e7onn\u00e9e en \u00e9b\u00e8ne et en ivoire, mais plus r\u00e9cemment, elle a \u00e9t\u00e9 r\u00e9alis\u00e9e en m\u00e9tal argent\u00e9. Les S\u0153urs qui ont fait leur profession perp\u00e9tuelle ont \u00e9galement une miniature de la croix grav\u00e9e sur la bague qu\u2019elles portent.<\/p>\n<p style=\"text-align: justify;\"><strong>Pourquoi le nom de Filles de la Croix\u00a0? <\/strong><\/p>\n<p style=\"text-align: justify;\">Le nom que la Bienheureuse Marie Th\u00e9r\u00e8se a donn\u00e9 \u00e0 sa Congr\u00e9gation est rempli de sens. Elle y pensait depuis longtemps. La \u00a0contemplation de la passion et de la compassion du Christ Crucifi\u00e9 ont \u00a0d\u00e9velopp\u00e9 en elle un amour tendre et g\u00e9n\u00e9reux qui l&rsquo;a conduit \u00e0 Le suivre jusqu&rsquo;au bout, fid\u00e8le \u00e0 l&rsquo;Esprit et attentive \u00e0 son appel. Ce nom de Filles de la Croix r\u00e9sume tout ce qu&rsquo;elle a compris du double id\u00e9al de sacrifice et de service, qui est au c\u0153ur m\u00eame du christianisme. Notre Seigneur avait aussi rappel\u00e9 \u00e0 la Bienheureuse Marie Th\u00e9r\u00e8se une dimension suppl\u00e9mentaire dans la d\u00e9votion \u00e0 la croix\u00a0: c\u2019est un gage de la victoire sur la mort.<\/p>\n<p style=\"text-align: justify;\">La couronne de gloire qui illumine notre croix est symbole de r\u00e9surrection.<\/p>\n<blockquote>\n<p style=\"text-align: justify;\"><em>\u00ab\u00a0Que la Croix du Christ illumine ta vie <\/em><br \/>\n<em>et que la force de sa R\u00e9surrection te garde <\/em><br \/>\n<em>dans la fid\u00e9lit\u00e9 \u00e0 son Amour.\u00a0\u00bb<br \/>\n<\/em><em>\u00a0 \u00a0 \u00a0 \u00a0 \u00a0 \u00a0 \u00a0 \u00a0 \u00a0 \u00a0 \u00a0 \u00a0 \u00a0 \u00a0 \u00a0 \u00a0 \u00a0 \u00a0 \u00a0 \u00a0 \u00a0 \u00a0 \u00a0 \u00a0 \u00a0 \u00a0 \u00a0 \u00a0 \u00a0 \u00a0 anonyme<\/em><\/p>\n<\/blockquote>\n<p><strong>\u00a0<\/strong><\/p>\n<p><img loading=\"lazy\" decoding=\"async\" class=\"alignright wp-image-451\" src=\"https:\/\/www.filles-de-la-croix-de-liege.be\/wp-content\/uploads\/2016\/12\/FC_Translation-2017_Generalat-076_WEB.jpg\" width=\"353\" height=\"522\" \/><\/p>\n<p>&nbsp;<\/p>\n<p>&nbsp;<\/p>\n<p>&nbsp;<\/p>\n<blockquote>\n<p style=\"text-align: left;\"><em>\u00ab\u00a0Allons souvent au pied de la Croix<br \/>\n<\/em><em>pour puiser \u00e0 cette source surabondante<br \/>\n<\/em><em>un amour tendre et g\u00e9n\u00e9reux.\u00a0\u00bb<\/em><\/p>\n<p style=\"text-align: right;\"><em><br \/>\n<\/em><em>M\u00e8re Marie-Th\u00e9r\u00e8se<\/em><\/p>\n<\/blockquote>\n<p>&nbsp;<\/p>\n<p>&nbsp;<\/p>\n<p>&nbsp;<\/p>\n","protected":false},"excerpt":{"rendered":"<p>Notre Croix La Croix \u2013 Notre inspiration \u00ab\u00a0Pour d\u00e9couvrir et r\u00e9v\u00e9ler le visage de tendresse de Dieu, les Filles de la Croix contempleront J\u00e9sus, humble serviteur de l\u2019amour r\u00e9dempteur, trahi par un de ses disciples, reni\u00e9 par un autre, abandonn\u00e9 <span class=\"excerpt-dots\">&hellip;<\/span> <a class=\"more-link\" href=\"https:\/\/www.filles-de-la-croix-de-liege.be\/index.php\/test-1\/\"><span class=\"more-msg\">Lire la suite &rarr;<\/span><\/a><\/p>\n","protected":false},"author":1,"featured_media":0,"parent":0,"menu_order":0,"comment_status":"closed","ping_status":"closed","template":"","meta":{"footnotes":""},"class_list":["post-30","page","type-page","status-publish","hentry"],"_links":{"self":[{"href":"https:\/\/www.filles-de-la-croix-de-liege.be\/index.php\/wp-json\/wp\/v2\/pages\/30","targetHints":{"allow":["GET"]}}],"collection":[{"href":"https:\/\/www.filles-de-la-croix-de-liege.be\/index.php\/wp-json\/wp\/v2\/pages"}],"about":[{"href":"https:\/\/www.filles-de-la-croix-de-liege.be\/index.php\/wp-json\/wp\/v2\/types\/page"}],"author":[{"embeddable":true,"href":"https:\/\/www.filles-de-la-croix-de-liege.be\/index.php\/wp-json\/wp\/v2\/users\/1"}],"replies":[{"embeddable":true,"href":"https:\/\/www.filles-de-la-croix-de-liege.be\/index.php\/wp-json\/wp\/v2\/comments?post=30"}],"version-history":[{"count":26,"href":"https:\/\/www.filles-de-la-croix-de-liege.be\/index.php\/wp-json\/wp\/v2\/pages\/30\/revisions"}],"predecessor-version":[{"id":1214,"href":"https:\/\/www.filles-de-la-croix-de-liege.be\/index.php\/wp-json\/wp\/v2\/pages\/30\/revisions\/1214"}],"wp:attachment":[{"href":"https:\/\/www.filles-de-la-croix-de-liege.be\/index.php\/wp-json\/wp\/v2\/media?parent=30"}],"curies":[{"name":"wp","href":"https:\/\/api.w.org\/{rel}","templated":true}]}}